{"id":393,"date":"2018-01-03T15:20:24","date_gmt":"2018-01-03T15:20:24","guid":{"rendered":"http:\/\/altes-foersterhaus.de\/?page_id=393"},"modified":"2025-10-01T14:48:33","modified_gmt":"2025-10-01T14:48:33","slug":"apartment-butznickel","status":"publish","type":"page","link":"http:\/\/altes-foersterhaus.de\/?page_id=393","title":{"rendered":"Apartment Butznickel"},"content":{"rendered":"<p><span style=\"font-family: verdana,geneva,sans-serif;\">2. Stock<br \/>\n<\/span><\/p>\n<p><span style=\"font-family: verdana,geneva; font-size: 14pt;\">Das alte F\u00f6rsterhaus wird in 3. Generation gef\u00fchrt. Es wurde in den Sommern 2013\/14 grundsaniert. S\u00e4mtliche Baumaterialien sind nat\u00fcrlich und \u00f6kologisch ausgerichtet. Alle Fu\u00dfb\u00f6den sind aus echtem Eichenholz. Die Textilien sind ebenso aus Naturmaterialien.<br \/>\nDie Wohnung ist technisch neu ausgestattet mit Internet und Kabel TV. Eine gem\u00fctliche Atmosph\u00e4re verbunden durch geschmackvolle moderne Ausstattung erzeugt ein unverwechselbares Ambiente. Die anspruchsvolle Ausstattung und der Einrichtungsmix aus traditionellen und innovativen M\u00f6beln bietet dem Gast ein Wohnen auf hohem Niveau. Vom, zur Sonnenseite ausgerichteten Balkon, hat man einen fantastischen Blick in die Natur des Taunus und auf den zum Haus geh\u00f6rigen liebevoll gepflegte Garten &#8211; mit seinem mediteranen Flair strahlt er Ruhe und Harmonie aus.<\/span><\/p>\n<p>ngg_shortcode_0_placeholder<span style=\"font-family: verdana,geneva; font-size: 14pt;\">Die Wohnung bietet ein bis zwei Personen ein ger\u00e4umiges Wohnzimmer mit Zugang zum Balkon, ein gem\u00fctliches Schlafzimmer mit Boxspringbett, eine vollausgestattete K\u00fcche mit E\u00dfzimmer, ein Tageslichtbad (Dusche u. WC) mit Ankleide, Tageslichtflur<br \/>\nca. 74 m\u00b2 Apartment f\u00fcr 1 bis 2 Personen&nbsp;<\/span><\/p>\n<h1><strong><span style=\"font-family: verdana,geneva; font-size: 14pt; background-color: #bfbfbf; color: #ffffff;\"> Ausstattung:<\/span><\/strong><\/h1>\n<p><span style=\"font-size: 14pt; font-family: verdana,geneva;\"> Schlafzimmer mit Boxspringbett (Ma\u00dfe wie franz. Bett)<br \/>\nWohnzimmer mit Kabel-TV, WLAN, Balkon zur Sonnenseite<br \/>\nvollausgestattete K\u00fcche mit Ceran-Kochfeld, Backofen, Mikrowelle, Sp\u00fclmaschine, K\u00fchl-Gefrier-Kombination, Kaffeemaschine, Espresso-Maschine, Waschmaschine, W\u00e4schetrockner<br \/>\nE\u00dfzimmer<br \/>\nTageslichtbad mit Ankleide, Dusche &amp; WC<br \/>\nSeparater Eingang mit Tageslichtflur<br \/>\nG\u00e4steparkplatz auf Wunsch<\/span><\/p>\n<p><span style=\"font-size: 14pt;\"><strong><span style=\"font-family: verdana,geneva;\">Konditionen:<\/span><\/strong><\/span><\/p>\n<p><span style=\"font-family: verdana, geneva, sans-serif; font-size: 14pt;\">Mindestmietdauer 1 Monat<\/span><br \/>\n<span style=\"font-family: verdana, geneva, sans-serif; font-size: 14pt;\">Kaution erforderlich<\/span><\/p>\n<p><span style=\"font-family: verdana, geneva, sans-serif; font-size: 14pt;\">Die Miete ist inkludiert, d.h. s\u00e4mtliche Nebenkosten sind enthalten<\/span><\/p>\n<p><span style=\"font-family: verdana, geneva, sans-serif; font-size: 14pt;\">Preise auf Anfrage<\/span><\/p>\n<p>&nbsp;<\/p>\n","protected":false},"excerpt":{"rendered":"<p>2. Stock Das alte F\u00f6rsterhaus wird in 3. Generation gef\u00fchrt. Es wurde in den Sommern 2013\/14 grundsaniert. S\u00e4mtliche Baumaterialien sind nat\u00fcrlich und \u00f6kologisch ausgerichtet. Alle Fu\u00dfb\u00f6den sind aus echtem Eichenholz. Die Textilien sind ebenso aus Naturmaterialien. Die Wohnung ist technisch neu ausgestattet mit Internet und Kabel TV. Eine gem\u00fctliche Atmosph\u00e4re \u2026 <a class=\"continue-reading-link\" href=\"http:\/\/altes-foersterhaus.de\/?page_id=393\"> Continue reading <span class=\"meta-nav\">&rarr; <\/span><\/a><\/p>\n","protected":false},"author":1,"featured_media":0,"parent":0,"menu_order":0,"comment_status":"closed","ping_status":"closed","template":"","meta":{"ngg_post_thumbnail":0},"aioseo_notices":[],"_links":{"self":[{"href":"http:\/\/altes-foersterhaus.de\/index.php?rest_route=\/wp\/v2\/pages\/393"}],"collection":[{"href":"http:\/\/altes-foersterhaus.de\/index.php?rest_route=\/wp\/v2\/pages"}],"about":[{"href":"http:\/\/altes-foersterhaus.de\/index.php?rest_route=\/wp\/v2\/types\/page"}],"author":[{"embeddable":true,"href":"http:\/\/altes-foersterhaus.de\/index.php?rest_route=\/wp\/v2\/users\/1"}],"replies":[{"embeddable":true,"href":"http:\/\/altes-foersterhaus.de\/index.php?rest_route=%2Fwp%2Fv2%2Fcomments&post=393"}],"version-history":[{"count":22,"href":"http:\/\/altes-foersterhaus.de\/index.php?rest_route=\/wp\/v2\/pages\/393\/revisions"}],"predecessor-version":[{"id":600,"href":"http:\/\/altes-foersterhaus.de\/index.php?rest_route=\/wp\/v2\/pages\/393\/revisions\/600"}],"wp:attachment":[{"href":"http:\/\/altes-foersterhaus.de\/index.php?rest_route=%2Fwp%2Fv2%2Fmedia&parent=393"}],"curies":[{"name":"wp","href":"https:\/\/api.w.org\/{rel}","templated":true}]}}